late the highest common factor of c and x.
2
Let c be 2/(-4)*-92 + -1. Let l(s) = -3*s**2 + 2. Let g be l(3). Let h = -16 - g. Calculate the greatest common factor of h and c.
9
Suppose 89 = 9*q - 199. What is the greatest common factor of 40 and q?
8
Suppose 4*u + 220 = 4*a, u = -0*a + 2*a - 110. What is the greatest common factor of 5 and a?
5
Let d = -174 - -300. What is the greatest common factor of 14 and d?
14
Suppose 5*q - 4*p - 3025 = 0, -5*p - 1210 = -4*q + 2*q. What is the highest common divisor of 55 and q?
55
Suppose -9*q = -10*q + 1. Calculate the greatest common divisor of q and 5.
1
Let c be (-7)/(-5) - 2/5. Let p = -14 + 14. Suppose -2*g + 7 = -p*x - x, -2*g - 5*x = 23. Calculate the highest common divisor of c and g.
1
Let x be -19 - 0*(-1)/(-3). Let k be 0 + -1 - (x + -2). Suppose 2*b - 120 = -0*b. What is the greatest common divisor of b and k?
20
Suppose f + 0 - 14 = 5*m, 2*m = -3*f + 110. Suppose f = 3*x - 2*p - 0*p, 20 = 3*x + 5*p. What is the highest common factor of 15 and x?
5
Suppose -2*a = 3*a - 165. Suppose -6*s = -2*s - 16. Suppose -s*n + 1 = -43. Calculate the greatest common divisor of a and n.
11
Suppose -10 - 6 = -g. Calculate the greatest common divisor of g and 128.
16
Let w be 30*6/15*5. Calculate the highest common factor of w and 20.
20
Suppose 0 = 4*j - 9*j + 675. Suppose -z - 3*m = 2*m - 35, -5*z - 5*m + j = 0. Calculate the highest common divisor of z and 5.
5
Let s be 10/(-4)*(-4)/5. Suppose 0*y = s*y - 4. Suppose 4*p + 9 = y*t - 1, -20 = -4*p. What is the greatest common factor of 105 and t?
15
Let q = 1 - 1. Suppose 0*s - j - 17 = -3*s, -4*j + 16 = q. Let r(o) = -o**2 - 15*o + 21. Let z be r(-8). What is the highest common divisor of z and s?
7
Let v = 21 - -4. Suppose 404 = 2*k + 4. Calculate the greatest common factor of k and v.
25
Let x(t) = t**3 + 7*t**2 - 8*t + 1. Let c be x(-8). Let s be 6/(-4)*(0 - 2). Let j be 32/s + (-1)/(-3). Calculate the highest common divisor of c and j.
1
Let x be (3/6)/(1/4). Let m be ((-15 + -1)/x)/(-1). Calculate the highest common factor of 16 and m.
8
Let w be (-11)/((-990)/1820) - 2/9. What is the highest common factor of w and 180?
20
Let d be -2*5/(-25)*70. What is the highest common divisor of d and 42?
14
Let k = 22 + -9. Suppose 2*a = 2*y - 360, -y - 5*a + 280 = 88. Suppose 0 = -4*r + 2*r + y. What is the highest common divisor of k and r?
13
Let r(t) = -51*t**3 + 2*t**2 + 3*t + 2. Let h be r(-1). Calculate the highest common factor of 26 and h.
26
Let q be 8/14*(-7)/(-2). Suppose 0 = -5*s + 5*w + 490, s = 2*s - q*w - 98. What is the greatest common factor of 14 and s?
14
Let m(b) = -6*b - 1. Let u be m(3). Let k = 42 + -10. Let z = k + u. Calculate the greatest common factor of z and 117.
13
Let l(u) = -u**2 - 11*u - 18. Let n be l(-5). Calculate the highest common factor of 108 and n.
12
Let t(w) = 46*w**2 - 1. Let l be t(1). Suppose j - 5*p + 6 = 0, -2*j + 10 = 5*p - 23. What is the greatest common factor of l and j?
9
Let n(p) = -3*p - 35. Let c be n(-15). Calculate the greatest common factor of c and 40.
10
Let f be 2/6 - 3/9. Suppose 4*i + 11 = -5*o, 5*i = -o + 2 - f. What is the greatest common factor of i and 5?
1
Suppose 0 = 5*q + 5*d - 500, 17 = -q + 3*d + 101. What is the greatest common divisor of q and 12?
12
Let s = -1 - -3. Suppose s*r = r. Suppose m + 4 = 0, r = -3*w + 5*m + 7 + 52. What is the greatest common divisor of w and 26?
13
Let s be 2 - 1 - (2 + (3 - 46)). What is the greatest common factor of s and 378?
42
Suppose -3*n = 5*v - 160, 57 + 1 = n + 4*v. Let a = -43 + 63. Calculate the greatest common divisor of n and a.
10
Let g = -14 + 29. Calculate the greatest common factor of 5 and g.
5
Let n be (-3015)/(-25) - 3/5. What is the highest common divisor of 12 and n?
12
Let v(t) = t**3 + 15*t**2 - t - 7. Let s be v(-15). Calculate the highest common divisor of 88 and s.
8
Let l(z) = -z**2 + 3*z + 4. Let s be l(4). Suppose 0 = r - s*r - 40. Suppose -2*u - 3 = -23. Calculate the greatest common divisor of u and r.
10
Suppose -3*h + 9 = -4*p + 80, 3*p - 27 = -3*h. What is the greatest common factor of 56 and p?
14
Let j = 71 - 99. Let x = j + 44. Let f be 2/6 + (-284)/(-12). Calculate the greatest common divisor of f and x.
8
Let g be (4/6 - -1)/((-80)/(-96)). Calculate the highest common divisor of 6 and g.
2
Let y be 2/(2 - 24/15). Suppose -2*v + 3*a = -34, 0 = -5*v + y*a - 3 + 93. Let n = 30 - v. Calculate the highest common factor of 10 and n.
10
Let c = 8 + -6. Suppose 7 = 4*d - f, 2 + c = 4*f. Suppose 103 = 5*j - 5*r + 4*r, 5*j + 3*r = 91. Calculate the greatest common factor of d and j.
2
Suppose -8 = -2*t + k, 3*k = -3*t + 2*k + 2. What is the highest common factor of 5 and t?
1
Let p(k) = -k**2 + 12*k + 5. Let o be (-24)/(-132) - 238/(-22). Let f be p(o). Calculate the greatest common divisor of 16 and f.
16
Suppose 3*s = h - 165, 3*h - s = 6*h - 505. What is the highest common divisor of 24 and h?
24
Let t(u) = 2*u**2 + 2*u - 3. Let h be t(3). Suppose -4*k + k + h = 0. What is the highest common divisor of k and 77?
7
Let o = 16 + -13. Let r = o + 7. What is the highest common factor of r and 50?
10
Let g be 66/14 - 2/(-7). What is the highest common factor of 1 and g?
1
Suppose 0 = -d - 3*d + 316. Let y(f) = -2*f - 10. Let g be y(-7). Suppose 46 + d = 5*i - 5*r, g*i + r = 125. Calculate the highest common divisor of 6 and i.
6
Suppose -7*f + 138 = -37. What is the highest common divisor of 15 and f?
5
Let h be 1/9*79 - 28/(-126). What is the highest common factor of 36 and h?
9
Let b(x) = -x**2 + 5*x. Let s be b(5). Let d be 18 + (-4)/(-4 + s). What is the highest common divisor of d and 38?
19
Let h be ((-4)/(-6))/((-6)/(-99)). Let d(r) = r**2 - 6*r + 6. Let p be d(8). What is the greatest common factor of p and h?
11
Let f(h) = -5*h**3 - 4*h**2 - 5*h - 2. Let d be f(-2). Let z be (25/20)/(2/d). Suppose 0 = -p - 2*p + 300. What is the greatest common divisor of p and z?
20
Suppose j = 5*j - 64. Suppose o = 3*o - j. Calculate the highest common factor of o and 12.
4
Let o(q) = 65*q**2 + q + 2. Let n be o(-1). Suppose -4*g + n = 2*w + w, -g - 81 = -3*w. What is the greatest common factor of 65 and w?
13
Let z = -7 - -37. Suppose -6*p + z = -p. Calculate the highest common divisor of 15 and p.
3
Let m be 12/3*2/4. Suppose f + 24 = m*c, 4*c - f = 5*c - 9. What is the greatest common divisor of 33 and c?
11
Let u be (-9)/15 + 168/5. Calculate the greatest common factor of u and 22.
11
Let v = 2 - 1. Let g be ((-14)/(-21))/(v/18). Calculate the greatest common divisor of 12 and g.
12
Let t(y) = -y**3 - 11*y**2 + 3*y + 5. Let f be t(-11). Let n be ((-32)/f)/((-4)/(-14)). Calculate the greatest common divisor of 44 and n.
4
Let a = 2 + -2. Suppose -7 = -v + m, a*v - 27 = -v + 5*m. Suppose -v*k - 3*h + 21 = -k, -4*h = 2*k - 48. What is the highest common divisor of k and 6?
6
Let x(g) = -6*g - 1. Let q be x(-1). Suppose -i + q*f + 20 = 0, 4*i - 5*f - 94 = 61. What is the greatest common divisor of i and 5?
5
Let u(n) = n**3 + 2*n**2 - 4*n - 3. Let x be u(-4). Let k = x + 55. What is the greatest common factor of k and 12?
12
Let y = -7 + 13. Suppose -y = -2*m + 2. Calculate the greatest common factor of m and 28.
4
Let d = -76 + 149. Suppose 5*n = -c + 40, -4*c - 2*n + 15 = -d. Suppose 6 = v + 2. Calculate the highest common factor of v and c.
4
Let r = 3 - -26. What is the greatest common factor of r and 58?
29
Let w = 0 + 12. Calculate the highest common divisor of w and 3.
3
Let z(m) = 11*m - 3. Suppose 4*l - 3*l = 3. Let b be z(l). Let i(t) = -t + 5. Let v be i(-7). Calculate the highest common divisor of v and b.
6
Let d(y) = 30*y**2 - 2*y. Let i be d(3). Let q be 49/2 - 2/4. Calculate the greatest common divisor of q and i.
24
Let x(z) = 2*z**2 - 6*z + 2. Let w be x(4). Let p be (-9 - -2)*(-60)/7. What is the highest common factor of w and p?
10
Let z = -6 + 25. Let x be (-76)/(-12)*11*3. Calculate the greatest common divisor of x and z.
19
Suppose 0 = s - 4*z - 3, 2*s - 15 = -3*s + 2*z. Suppose 5*p - 10 = 30. Suppose -j = -p + s. What is the highest common factor of 5 and j?
5
Let a be (304/12)/(4/30). Suppose 2*o + z = a, -2*o + 3*z = o - 294. What is the highest common divisor of o and 12?
12
Let b be (8/10)/(12/660). Let